{"id":116,"date":"2024-10-31T14:11:35","date_gmt":"2024-10-31T14:11:35","guid":{"rendered":"https:\/\/area3.group\/?page_id=116"},"modified":"2025-04-12T10:46:41","modified_gmt":"2025-04-12T10:46:41","slug":"automotive","status":"publish","type":"page","link":"https:\/\/area3.group\/?page_id=116","title":{"rendered":"Automotive"},"content":{"rendered":"\n\t<section class=\"section\" id=\"section_972764916\">\n\t\t<div class=\"bg section-bg fill bg-fill  \" >\n\n\t\t\t\n\t\t\t\n\t\t\t\n\n\t\t<\/div>\n\n\t\t\n\n\t\t<div class=\"section-content relative\">\n\t\t\t\n\n<div class=\"row\" style=\"max-width:1200px\" id=\"row-1258845070\">\n\n\n\t<div id=\"col-1378572196\" class=\"col medium-5 small-12 large-5\"  >\n\t\t\t\t<div class=\"col-inner\"  >\n\t\t\t\n\t\t\t\n\n\t<div id=\"gap-531904233\" class=\"gap-element clearfix\" style=\"display:block; height:auto;\">\n\t\t\n<style>\n#gap-531904233 {\n  padding-top: 0px;\n}\n@media (min-width:850px) {\n  #gap-531904233 {\n    padding-top: 30px;\n  }\n}\n<\/style>\n\t<\/div>\n\t\n\n\n\t\t<\/div>\n\t\t\t\t\t<\/div>\n\n\t\n\n\t<div id=\"col-846533001\" class=\"col medium-12 small-12 large-7\"  >\n\t\t\t\t<div class=\"col-inner\"  >\n\t\t\t\n\t\t\t\n\n\t<div id=\"gap-628773275\" class=\"gap-element clearfix\" style=\"display:block; height:auto;\">\n\t\t\n<style>\n#gap-628773275 {\n  padding-top: 30px;\n}\n<\/style>\n\t<\/div>\n\t\n\n\n\t\t<\/div>\n\t\t\t\t\n<style>\n#col-846533001 > .col-inner {\n  padding: 0px 0px 0px 0;\n}\n@media (min-width:550px) {\n  #col-846533001 > .col-inner {\n    padding: 0px 0px 0px 30px;\n  }\n}\n<\/style>\n\t<\/div>\n\n\t\n\n<\/div>\n\n\t\t<\/div>\n\n\t\t\n<style>\n#section_972764916 {\n  padding-top: 30px;\n  padding-bottom: 30px;\n  min-height: 300px;\n}\n#section_972764916 .section-bg.bg-loaded {\n  background-image: url(https:\/\/area3.group\/wp-content\/uploads\/2024\/10\/Progetto-senza-titolo.png);\n}\n#section_972764916 .section-bg {\n  background-position: 65% 100%;\n}\n@media (min-width:550px) {\n  #section_972764916 {\n    min-height: 450px;\n  }\n}\n@media (min-width:850px) {\n  #section_972764916 {\n    min-height: 500px;\n  }\n}\n<\/style>\n\t<\/section>\n\t\n<div class=\"row\" style=\"max-width:1200px\" id=\"row-1357029737\">\n\n\n\t<div id=\"col-968278149\" class=\"col hide-for-medium medium-12 small-12 large-5\"  >\n\t\t\t\t<div class=\"col-inner\"  >\n\t\t\t\n\t\t\t\n\n\n  <div class=\"banner has-hover hide-for-medium\" id=\"banner-1414280869\">\n          <div class=\"banner-inner fill\">\n        <div class=\"banner-bg fill\" >\n            <div class=\"bg fill bg-fill \"><\/div>\n                                    \n                    <\/div>\n\t\t\n        <div class=\"banner-layers container\">\n            <div class=\"fill banner-link\"><\/div>            \n\n   <div id=\"text-box-472237933\" class=\"text-box banner-layer x50 md-x50 lg-x50 y50 md-y50 lg-y50 res-text\">\n                                <div class=\"text-box-content text dark\">\n              \n              <div class=\"text-inner text-center\">\n                  \n\n\n              <\/div>\n           <\/div>\n                            \n<style>\n#text-box-472237933 {\n  width: 60%;\n}\n#text-box-472237933 .text-box-content {\n  font-size: 100%;\n}\n@media (min-width:550px) {\n  #text-box-472237933 {\n    width: 60%;\n  }\n}\n<\/style>\n    <\/div>\n \n\n        <\/div>\n      <\/div>\n\n            \n<style>\n#banner-1414280869 {\n  padding-top: 300px;\n  background-color: rgb(255, 255, 255);\n}\n#banner-1414280869 .bg.bg-loaded {\n  background-image: url(https:\/\/area3.group\/wp-content\/uploads\/2024\/10\/Progetto-senza-titolo-2-576x1024.png);\n}\n#banner-1414280869 .bg {\n  background-position: 47% 31%;\n}\n@media (min-width:550px) {\n  #banner-1414280869 {\n    padding-top: 500px;\n  }\n}\n@media (min-width:850px) {\n  #banner-1414280869 {\n    padding-top: 650px;\n  }\n}\n<\/style>\n  <\/div>\n\n\n\t<div id=\"gap-483131805\" class=\"gap-element clearfix\" style=\"display:block; height:auto;\">\n\t\t\n<style>\n#gap-483131805 {\n  padding-top: 0px;\n}\n@media (min-width:850px) {\n  #gap-483131805 {\n    padding-top: 100px;\n  }\n}\n<\/style>\n\t<\/div>\n\t\n\n\n\t\t<\/div>\n\t\t\t\t\n<style>\n#col-968278149 > .col-inner {\n  margin: -100px 0px 0px 0px;\n}\n@media (min-width:550px) {\n  #col-968278149 > .col-inner {\n    margin: -150px 0px 0px 0px;\n  }\n}\n@media (min-width:850px) {\n  #col-968278149 > .col-inner {\n    margin: -400px 0px 0px 0px;\n  }\n}\n<\/style>\n\t<\/div>\n\n\t\n\n\t<div id=\"col-1942486731\" class=\"col medium-11 small-12 large-7\"  >\n\t\t\t\t<div class=\"col-inner\"  >\n\t\t\t\n\t\t\t\n\n\t<div id=\"gap-1356748930\" class=\"gap-element clearfix\" style=\"display:block; height:auto;\">\n\t\t\n<style>\n#gap-1356748930 {\n  padding-top: 30px;\n}\n<\/style>\n\t<\/div>\n\t\n\n<p style=\"text-align: center;\"><strong>NO STRESS CON AREA 3 GROUP<\/strong><\/p>\n<p style=\"text-align: center;\">Clicca qui e riceverai la chiamata da parte dei nostri consulenti per un&#8217;analisi <strong>GRATUITA\u00a0<\/strong><\/p>\n<p style=\"text-align: center;\">Scopri i vantaggi a te riservati per la tua <strong>autovettura a noleggio a lungo termine<\/strong>.<\/p>\n<a data-animate=\"fadeInUp\" href=\"tel:%203937930028\" target=\"_self\" class=\"button alert is-large expand\"  >\n    <span>CHIAMA ADESSO<\/span>\n  <i class=\"icon-phone\" aria-hidden=\"true\" ><\/i><\/a>\n\n\n\n\t\t<\/div>\n\t\t\t\t\n<style>\n#col-1942486731 > .col-inner {\n  padding: 0px 0px 0px 0;\n}\n@media (min-width:550px) {\n  #col-1942486731 > .col-inner {\n    padding: 0px 0px 0px 30px;\n  }\n}\n<\/style>\n\t<\/div>\n\n\t\n\n<\/div>\n\t<section class=\"section\" id=\"section_1127587644\">\n\t\t<div class=\"bg section-bg fill bg-fill  \" >\n\n\t\t\t\n\t\t\t<div class=\"section-bg-overlay absolute fill\"><\/div>\n\t\t\t\n\n\t\t<\/div>\n\n\t\t\n\n\t\t<div class=\"section-content relative\">\n\t\t\t\n\n<div class=\"row align-center\" style=\"max-width:1200px\" id=\"row-184982569\">\n\n\n\t<div id=\"col-947341975\" class=\"col medium-8 small-12 large-8\"  >\n\t\t\t\t<div class=\"col-inner\"  >\n\t\t\t\n\t\t\t\n\n\t<div id=\"text-3356436006\" class=\"text\">\n\t\t\n\n<h6>Scegli il noleggio perfetto per le tue esigenze<\/h6>\n\t\t\n<style>\n#text-3356436006 {\n  font-size: 1.1rem;\n  text-align: center;\n  color: rgb(255,255,255);\n}\n#text-3356436006 > * {\n  color: rgb(255,255,255);\n}\n<\/style>\n\t<\/div>\n\t\n\t<div id=\"text-321737755\" class=\"text\">\n\t\t\n\n<h1>Offerte del mese<\/h1>\n\n\t\t\n<style>\n#text-321737755 {\n  font-size: 1.75rem;\n  text-align: center;\n  color: rgb(255,255,255);\n}\n#text-321737755 > * {\n  color: rgb(255,255,255);\n}\n<\/style>\n\t<\/div>\n\t\n\n\t\t<\/div>\n\t\t\t\t\t<\/div>\n\n\t\n\n<\/div>\n<div class=\"row row-large align-equal\" style=\"max-width:1200px\" id=\"row-392349575\">\n\n\n\t<div id=\"col-1096920665\" class=\"col medium-12 small-12 large-4\"  >\n\t\t\t\t<div class=\"col-inner dark\"  >\n\t\t\t\n\t\t\t\n\n\t<div id=\"text-523637103\" class=\"text\">\n\t\t\n\n<h6>PureTech Turbo 100 MT6 YOU<\/h6>\n\t\t\n<style>\n#text-523637103 {\n  text-align: center;\n}\n<\/style>\n\t<\/div>\n\t\n\t<div id=\"text-4018940499\" class=\"text\">\n\t\t\n\n<h2>Citro\u00ebn C3 Aircross<\/h2>\n\t\t\n<style>\n#text-4018940499 {\n  font-size: 1.1rem;\n  text-align: center;\n}\n<\/style>\n\t<\/div>\n\t\n\t<div id=\"text-1197216606\" class=\"text\">\n\t\t\n\n<h2>\u20ac255<\/h2>\n\t\t\n<style>\n#text-1197216606 {\n  font-size: 3rem;\n  text-align: center;\n}\n<\/style>\n\t<\/div>\n\t\n<a class=\"button white is-outline expand\"  style=\"padding:5px 0px 5px 0px;\">\n    <span>Contattaci<\/span>\n  <\/a>\n\n\n\n\t\t<\/div>\n\t\t\t\t\n<style>\n#col-1096920665 > .col-inner {\n  padding: 60px 50px 40px 50px;\n}\n<\/style>\n\t<\/div>\n\n\t\n\n\t<div id=\"col-1212867319\" class=\"col medium-12 small-12 large-4\"  >\n\t\t\t\t<div class=\"col-inner dark\"  >\n\t\t\t\n\t\t\t\n\n\t<div id=\"text-3504462\" class=\"text\">\n\t\t\n\n<h6>Ibrida 100cv Ypsilon e-DCT<\/h6>\n\t\t\n<style>\n#text-3504462 {\n  text-align: center;\n}\n<\/style>\n\t<\/div>\n\t\n\t<div id=\"text-639706449\" class=\"text\">\n\t\t\n\n<h2>Lancia Ypsilon Ibrida<\/h2>\n\t\t\n<style>\n#text-639706449 {\n  font-size: 1.1rem;\n  text-align: center;\n}\n<\/style>\n\t<\/div>\n\t\n\t<div id=\"text-3758246166\" class=\"text\">\n\t\t\n\n<h2>\u20ac269<\/h2>\n\t\t\n<style>\n#text-3758246166 {\n  font-size: 3rem;\n  text-align: center;\n}\n<\/style>\n\t<\/div>\n\t\n<a class=\"button white is-outline expand\"  style=\"padding:5px 0px 5px 0px;\">\n    <span>Contattaci<\/span>\n  <\/a>\n\n\n\n\t\t<\/div>\n\t\t\t\t\n<style>\n#col-1212867319 > .col-inner {\n  padding: 60px 50px 40px 50px;\n}\n<\/style>\n\t<\/div>\n\n\t\n\n\t<div id=\"col-1191634909\" class=\"col medium-12 small-12 large-4\"  >\n\t\t\t\t<div class=\"col-inner dark\"  >\n\t\t\t\n\t\t\t\n\n\t<div id=\"text-2618609759\" class=\"text\">\n\t\t\n\n<h6>YPSILON Elettrica 156cv LX<\/h6>\n\t\t\n<style>\n#text-2618609759 {\n  text-align: center;\n}\n<\/style>\n\t<\/div>\n\t\n\t<div id=\"text-2577200204\" class=\"text\">\n\t\t\n\n<h2>Lancia Ypsilon Elettrica<\/h2>\n\t\t\n<style>\n#text-2577200204 {\n  font-size: 1.1rem;\n  text-align: center;\n}\n<\/style>\n\t<\/div>\n\t\n\t<div id=\"text-449031166\" class=\"text\">\n\t\t\n\n<h2>\u20ac365<\/h2>\n\t\t\n<style>\n#text-449031166 {\n  font-size: 3rem;\n  text-align: center;\n}\n<\/style>\n\t<\/div>\n\t\n<a class=\"button white is-outline expand\"  style=\"padding:5px 0px 5px 0px;\">\n    <span>Contattaci<\/span>\n  <\/a>\n\n\n\n\t\t<\/div>\n\t\t\t\t\n<style>\n#col-1191634909 > .col-inner {\n  padding: 60px 50px 40px 50px;\n}\n<\/style>\n\t<\/div>\n\n\t\n\n\n<style>\n#row-392349575 > .col > .col-inner {\n  background-color: rgb(39, 54, 71);\n}\n<\/style>\n<\/div>\n\t<div id=\"gap-1807079897\" class=\"gap-element clearfix\" style=\"display:block; height:auto;\">\n\t\t\n<style>\n#gap-1807079897 {\n  padding-top: 0;\n}\n@media (min-width:850px) {\n  #gap-1807079897 {\n    padding-top: 20px;\n  }\n}\n<\/style>\n\t<\/div>\n\t\n\n\n\t\t<\/div>\n\n\t\t\n<style>\n#section_1127587644 {\n  padding-top: 80px;\n  padding-bottom: 80px;\n  background-color: rgb(242, 238, 241);\n}\n#section_1127587644 .section-bg-overlay {\n  background-color: rgba(0,0,0,.5);\n}\n#section_1127587644 .section-bg.bg-loaded {\n  background-image: url(https:\/\/area3.group\/wp-content\/uploads\/2025\/04\/getImage.webp);\n}\n<\/style>\n\t<\/section>\n\t\n\t<section class=\"section\" id=\"section_2117593602\">\n\t\t<div class=\"bg section-bg fill bg-fill  bg-loaded\" >\n\n\t\t\t\n\t\t\t\n\t\t\t\n\n\t\t<\/div>\n\n\t\t\n\n\t\t<div class=\"section-content relative\">\n\t\t\t\n\n<div class=\"row\" style=\"max-width:1200px\" id=\"row-1874962115\">\n\n\n\t<div id=\"col-245852096\" class=\"col small-12 large-12\"  >\n\t\t\t\t<div class=\"col-inner\"  >\n\t\t\t\n\t\t\t\n\n\t<div id=\"text-449254468\" class=\"text\">\n\t\t\n\n<h6>consulenza noleggio a lungo termine<\/h6>\n\t\t\n<style>\n#text-449254468 {\n  font-size: 1.1rem;\n  text-align: center;\n}\n<\/style>\n\t<\/div>\n\t\n\t<div id=\"text-975753701\" class=\"text\">\n\t\t\n\n<h1>Consulenza Area 3 Group<\/h1>\n\t\t\n<style>\n#text-975753701 {\n  font-size: 1.75rem;\n  text-align: center;\n}\n<\/style>\n\t<\/div>\n\t\n\n\t\t<\/div>\n\t\t\t\t\t<\/div>\n\n\t\n\n<\/div>\n<div class=\"row row-large row-solid\" style=\"max-width:1200px\" id=\"row-672434797\">\n\n\n\t<div id=\"col-798689324\" class=\"col medium-10 small-12 large-6\"  >\n\t\t\t\t<div class=\"col-inner\"  >\n\t\t\t\n\t\t\t\n\n\n\t\t<div class=\"icon-box featured-box icon-box-left text-left\"  >\n\t\t\t\t\t<div class=\"icon-box-img\" style=\"width: 69px\">\n\t\t\t\t<div class=\"icon\">\n\t\t\t\t\t<div class=\"icon-inner\" >\n\t\t\t\t\t\t<img loading=\"lazy\" decoding=\"async\" width=\"120\" height=\"120\" src=\"https:\/\/area3.group\/wp-content\/uploads\/2024\/10\/check-line.png\" class=\"attachment-medium size-medium\" alt=\"\" \/>\t\t\t\t\t<\/div>\n\t\t\t\t<\/div>\n\t\t\t<\/div>\n\t\t\t\t<div class=\"icon-box-text last-reset\">\n\t\t\t\t\t\t\t\t\t\n\n<p class=\"fFOiLQ _5Ob_nQ fM_HdA upnMoA\">Un consulente esperto pu\u00f2 fornire supporto nella negoziazione dei termini del contratto, assicurando che il cliente ottenga il miglior prezzo possibile per le sue esigenze specifiche.<\/p>\n\n\t\t<\/div>\n\t<\/div>\n\t\n\t\n\t<div id=\"gap-1431594970\" class=\"gap-element clearfix\" style=\"display:block; height:auto;\">\n\t\t\n<style>\n#gap-1431594970 {\n  padding-top: 30px;\n}\n<\/style>\n\t<\/div>\n\t\n\n\n\t\t<div class=\"icon-box featured-box icon-box-left text-left\"  >\n\t\t\t\t<div class=\"icon-box-text last-reset\">\n\t\t\t\t\t\t\t\t\t\n\n<p>La consulenza nel settore del noleggio a lungo termine non \u00e8 solo un valore aggiunto, ma una componente essenziale per garantire che i clienti facciano scelte informate e beneficino appieno dei vantaggi che questa soluzione offre. Investire in una consulenza di qualit\u00e0 pu\u00f2 significare risparmiare tempo, denaro e ottenere una maggiore soddisfazione dal proprio contratto di noleggio.<\/p>\n\n\t\t<\/div>\n\t<\/div>\n\t\n\t\n\t<div id=\"gap-1398093514\" class=\"gap-element clearfix\" style=\"display:block; height:auto;\">\n\t\t\n<style>\n#gap-1398093514 {\n  padding-top: 30px;\n}\n<\/style>\n\t<\/div>\n\t\n\n\n\t\t<\/div>\n\t\t\t\t\n<style>\n#col-798689324 > .col-inner {\n  padding: 0px 0 0px 0px;\n}\n@media (min-width:850px) {\n  #col-798689324 > .col-inner {\n    padding: 0px 40px 0px 0px;\n  }\n}\n<\/style>\n\t<\/div>\n\n\t\n\n\t<div id=\"col-1000298144\" class=\"col medium-10 small-12 large-6\"  >\n\t\t\t\t<div class=\"col-inner\"  >\n\t\t\t\n\t\t\t\n\n\n\t\t<div class=\"icon-box featured-box icon-box-left text-left\"  >\n\t\t\t\t\t<div class=\"icon-box-img\" style=\"width: 69px\">\n\t\t\t\t<div class=\"icon\">\n\t\t\t\t\t<div class=\"icon-inner\" >\n\t\t\t\t\t\t<img loading=\"lazy\" decoding=\"async\" width=\"120\" height=\"120\" src=\"https:\/\/area3.group\/wp-content\/uploads\/2024\/10\/check-line.png\" class=\"attachment-medium size-medium\" alt=\"\" \/>\t\t\t\t\t<\/div>\n\t\t\t\t<\/div>\n\t\t\t<\/div>\n\t\t\t\t<div class=\"icon-box-text last-reset\">\n\t\t\t\t\t\t\t\t\t\n\n<p class=\"fFOiLQ _5Ob_nQ fM_HdA upnMoA\">Ogni cliente ha esigenze uniche. Un consulente esperto pu\u00f2 analizzare queste esigenze e suggerire soluzioni personalizzate, garantendo che il cliente ottenga il miglior valore per il suo investimento.<\/p>\n\n\t\t<\/div>\n\t<\/div>\n\t\n\t\n\t<div id=\"gap-1904782264\" class=\"gap-element clearfix\" style=\"display:block; height:auto;\">\n\t\t\n<style>\n#gap-1904782264 {\n  padding-top: 30px;\n}\n<\/style>\n\t<\/div>\n\t\n\n\n\t\t<div class=\"icon-box featured-box icon-box-left text-left\"  >\n\t\t\t\t<div class=\"icon-box-text last-reset\">\n\t\t\t\t\t\t\t\t\t\n\n<p class=\"fFOiLQ _5Ob_nQ fM_HdA upnMoA\">Il mercato del noleggio a lungo termine \u00e8 vasto e variegato. Un consulente pu\u00f2 aiutare a navigare tra le diverse offerte, spiegando i termini e le condizioni di ogni contratto, per evitare spiacevoli sorprese.<\/p>\n\n\t\t<\/div>\n\t<\/div>\n\t\n\t\n\t<div id=\"gap-1176203166\" class=\"gap-element clearfix\" style=\"display:block; height:auto;\">\n\t\t\n<style>\n#gap-1176203166 {\n  padding-top: 30px;\n}\n<\/style>\n\t<\/div>\n\t\n\n\n\t\t<\/div>\n\t\t\t\t\n<style>\n#col-1000298144 > .col-inner {\n  padding: 0px 0 0px 0px;\n}\n@media (min-width:850px) {\n  #col-1000298144 > .col-inner {\n    padding: 0px 40px 0px 0px;\n  }\n}\n<\/style>\n\t<\/div>\n\n\t\n\n<\/div>\n\t<div id=\"gap-36988278\" class=\"gap-element clearfix\" style=\"display:block; height:auto;\">\n\t\t\n<style>\n#gap-36988278 {\n  padding-top: 30px;\n}\n<\/style>\n\t<\/div>\n\t\n\n\n\t\t<\/div>\n\n\t\t\n<style>\n#section_2117593602 {\n  padding-top: 80px;\n  padding-bottom: 80px;\n  background-color: rgb(242, 238, 241);\n}\n<\/style>\n\t<\/section>\n\t\n\t<section class=\"section dark\" id=\"section_782027633\">\n\t\t<div class=\"bg section-bg fill bg-fill  bg-loaded\" >\n\n\t\t\t\n\t\t\t\n\t\t\t\n\n\t\t<\/div>\n\n\t\t\n\n\t\t<div class=\"section-content relative\">\n\t\t\t\n\n<div class=\"row align-bottom\" style=\"max-width:1200px\" id=\"row-445226392\">\n\n\n\t<div id=\"col-715999769\" class=\"col medium-12 small-12 large-6\"  >\n\t\t\t\t<div class=\"col-inner\"  >\n\t\t\t\n\t\t\t\n\n\t<div id=\"text-2968505769\" class=\"text\">\n\t\t\n\n<h6>newsletter<\/h6>\n\t\t\n<style>\n#text-2968505769 {\n  font-size: 1.1rem;\n  text-align: left;\n}\n<\/style>\n\t<\/div>\n\t\n\t<div id=\"text-1414761367\" class=\"text\">\n\t\t\n\n<h2>Contattaci o vieni a trovarci presso i nostri Point<\/h2>\n\t\t\n<style>\n#text-1414761367 {\n  font-size: 1.75rem;\n}\n@media (min-width:550px) {\n  #text-1414761367 {\n    font-size: 1.5rem;\n  }\n}\n<\/style>\n\t<\/div>\n\t\n\n\t\t<\/div>\n\t\t\t\t\t<\/div>\n\n\t\n\n\t<div id=\"col-906319606\" class=\"col medium-12 small-12 large-6\"  >\n\t\t\t\t<div class=\"col-inner\"  >\n\t\t\t\n\t\t\t\n\n<a data-animate=\"fadeInRight\" href=\"\/#CF7\" target=\"_self\" class=\"button alert is-large expand\"  style=\"padding:5px 0px 5px 0px;\">\n    <span>Consulenza gratuita ora<\/span>\n  <\/a>\n\n\n\n\t\t<\/div>\n\t\t\t\t\n<style>\n#col-906319606 > .col-inner {\n  padding: 0px 0px 0px 0;\n  margin: 0 0px 0px 0px;\n}\n@media (min-width:850px) {\n  #col-906319606 > .col-inner {\n    padding: 0px 0px 0px 30px;\n    margin: -70px 0px 0px 0px;\n  }\n}\n<\/style>\n\t<\/div>\n\n\t\n\n<\/div>\n\t<div id=\"gap-749423898\" class=\"gap-element clearfix\" style=\"display:block; height:auto;\">\n\t\t\n<style>\n#gap-749423898 {\n  padding-top: 50px;\n}\n<\/style>\n\t<\/div>\n\t\n\n\n\t\t<\/div>\n\n\t\t\n<style>\n#section_782027633 {\n  padding-top: 80px;\n  padding-bottom: 80px;\n  background-color: rgb(39, 54, 71);\n}\n<\/style>\n\t<\/section>\n\t\n\t<section class=\"section\" id=\"section_500554607\">\n\t\t<div class=\"bg section-bg fill bg-fill  bg-loaded\" >\n\n\t\t\t\n\t\t\t\n\t\t\t\n\n\t\t<\/div>\n\n\t\t\n\n\t\t<div class=\"section-content relative\">\n\t\t\t\n\n<div class=\"row\" style=\"max-width:1200px\" id=\"row-1813881478\">\n\n\n\t<div id=\"col-1199162848\" class=\"col small-12 large-12\"  >\n\t\t\t\t<div class=\"col-inner\"  >\n\t\t\t\n\t\t\t\n\n\n  <div class=\"banner has-hover\" id=\"banner-885480555\">\n          <div class=\"banner-inner fill\">\n        <div class=\"banner-bg fill\" >\n            <div class=\"bg fill bg-fill \"><\/div>\n                                    \n                    <\/div>\n\t\t\n        <div class=\"banner-layers container\">\n            <div class=\"fill banner-link\"><\/div>            \n\n   <div id=\"text-box-1790740833\" class=\"text-box banner-layer x50 md-x50 lg-x50 y50 md-y50 lg-y50 res-text\">\n                                <div class=\"text-box-content text dark\">\n              \n              <div class=\"text-inner text-center\">\n                  \n\n\n              <\/div>\n           <\/div>\n                            \n<style>\n#text-box-1790740833 {\n  width: 60%;\n}\n#text-box-1790740833 .text-box-content {\n  font-size: 100%;\n}\n@media (min-width:550px) {\n  #text-box-1790740833 {\n    width: 60%;\n  }\n}\n<\/style>\n    <\/div>\n \n\n        <\/div>\n      <\/div>\n\n            \n<style>\n#banner-885480555 {\n  padding-top: 200px;\n  background-color: rgb(255, 255, 255);\n}\n#banner-885480555 .bg.bg-loaded {\n  background-image: url(https:\/\/area3.group\/wp-content\/uploads\/2024\/10\/Progetto-senza-titolo-1024x576.png);\n}\n#banner-885480555 .bg {\n  background-position: 17% 29%;\n}\n@media (min-width:550px) {\n  #banner-885480555 {\n    padding-top: 350px;\n  }\n}\n@media (min-width:850px) {\n  #banner-885480555 {\n    padding-top: 400px;\n  }\n}\n<\/style>\n  <\/div>\n\n\n\n\t\t<\/div>\n\t\t\t\t\n<style>\n#col-1199162848 > .col-inner {\n  margin: -120px 0px 0px 0px;\n}\n<\/style>\n\t<\/div>\n\n\t\n\n<\/div>\n<div class=\"row align-center\" style=\"max-width:1200px\" id=\"row-34380663\">\n\n\n\t<div id=\"col-75445284\" class=\"col medium-10 small-12 large-10\"  >\n\t\t\t\t<div class=\"col-inner\"  >\n\t\t\t\n\t\t\t\n\n\t<div id=\"gap-63864209\" class=\"gap-element clearfix\" style=\"display:block; height:auto;\">\n\t\t\n<style>\n#gap-63864209 {\n  padding-top: 30px;\n}\n<\/style>\n\t<\/div>\n\t\n\n\t<div id=\"text-4049113332\" class=\"text\">\n\t\t\n\n<h6>Vantaggi<\/h6>\n\t\t\n<style>\n#text-4049113332 {\n  font-size: 1.1rem;\n  text-align: center;\n}\n<\/style>\n\t<\/div>\n\t\n\t<div id=\"text-689657572\" class=\"text\">\n\t\t\n\n<h1>Noleggio a Lungo Termine di Autovetture\u00a0<\/h1>\n\t\t\n<style>\n#text-689657572 {\n  font-size: 1.75rem;\n  text-align: center;\n}\n<\/style>\n\t<\/div>\n\t\n\t<div id=\"gap-1090528193\" class=\"gap-element clearfix\" style=\"display:block; height:auto;\">\n\t\t\n<style>\n#gap-1090528193 {\n  padding-top: 10px;\n}\n<\/style>\n\t<\/div>\n\t\n\n\t<div id=\"text-585580057\" class=\"text\">\n\t\t\n\n<p>\u00a0<\/p>\n<p>Il noleggio a lungo termine di autovetture \u00e8 diventato una soluzione sempre pi\u00f9 popolare per chi desidera avere accesso a un veicolo senza dover affrontare gli oneri e le responsabilit\u00e0 legate all&#8217;acquisto di un&#8217;auto. Questo servizio offre numerosi vantaggi sia per privati che per aziende. Ecco alcuni dei principali benefici del noleggio a lungo termine.<\/p>\n<ul>\n<li><strong>**Costi Fissi Mensili**:<\/strong> Uno dei principali vantaggi del noleggio a lungo termine \u00e8 la possibilit\u00e0 di avere costi mensili fissi. Questo consente una migliore pianificazione finanziaria poich\u00e9 tutte le spese relative al veicolo, come manutenzione, assicurazione e tasse, sono incluse in un&#8217;unica rata mensile.<\/li>\n<li><strong>**Assenza di Spese Iniziali Elevate**:<\/strong> A differenza dell&#8217;acquisto di un&#8217;auto, il noleggio a lungo termine non richiede un significativo esborso iniziale. Ci\u00f2 lo rende un&#8217;opzione pi\u00f9 accessibile per chi non dispone di un capitale immediato da investire in un veicolo.<\/li>\n<li><strong>**Manutenzione Inclusa**:<\/strong> I contratti di noleggio a lungo termine spesso includono la manutenzione del veicolo. Questo significa che non ci si deve preoccupare delle spese impreviste per la manutenzione ordinaria e straordinaria, che sono tutte coperte dal contratto.<\/li>\n<li><strong>**Flessibilit\u00e0 e Aggiornamento del Veicolo**:<\/strong> Al termine del contratto di noleggio, \u00e8 possibile scegliere di rinnovare il veicolo con un modello pi\u00f9 recente. Questa flessibilit\u00e0 permette di guidare sempre auto nuove e tecnologicamente avanzate, senza doversi preoccupare della svalutazione.<\/li>\n<li><strong>**Servizi Aggiuntivi**:<\/strong> Molte societ\u00e0 di noleggio offrono servizi aggiuntivi come assistenza stradale, veicoli sostitutivi e gestione completa delle pratiche burocratiche, rendendo l&#8217;esperienza di guida pi\u00f9 semplice e libera da stress.<\/li>\n<li><strong>**Vantaggi Fiscali per le Aziende**:<\/strong> Per le aziende, il noleggio a lungo termine pu\u00f2 offrire vantaggi fiscali significativi, tra cui la possibilit\u00e0 di detrarre le spese di noleggio e i costi associati come spese aziendali.<\/li>\n<\/ul>\n\t\t\n<style>\n#text-585580057 {\n  text-align: center;\n}\n<\/style>\n\t<\/div>\n\t\n\n\t\t<\/div>\n\t\t\t\t\t<\/div>\n\n\t\n\n<\/div>\n\n\t\t<\/div>\n\n\t\t\n<style>\n#section_500554607 {\n  padding-top: 30px;\n  padding-bottom: 30px;\n}\n<\/style>\n\t<\/section>\n\t\n\t<section class=\"section dark\" id=\"section_1678428121\">\n\t\t<div class=\"bg section-bg fill bg-fill  bg-loaded\" >\n\n\t\t\t\n\t\t\t\n\t\t\t\n\n\t\t<\/div>\n\n\t\t\n\n\t\t<div class=\"section-content relative\">\n\t\t\t\n\n\t<div id=\"gap-1822627435\" class=\"gap-element clearfix\" style=\"display:block; height:auto;\">\n\t\t\n<style>\n#gap-1822627435 {\n  padding-top: 30px;\n}\n<\/style>\n\t<\/div>\n\t\n\n<div class=\"row align-bottom\" style=\"max-width:1200px\" id=\"row-2095840785\">\n\n\n\t<div id=\"col-1647174663\" class=\"col medium-12 small-12 large-6\"  >\n\t\t\t\t<div class=\"col-inner\"  >\n\t\t\t\n\t\t\t\n\n\t<div id=\"text-4275190869\" class=\"text\">\n\t\t\n\n<h6>Contact<\/h6>\n\t\t\n<style>\n#text-4275190869 {\n  font-size: 1.1rem;\n  text-align: left;\n}\n<\/style>\n\t<\/div>\n\t\n\t<div id=\"text-913736189\" class=\"text\">\n\t\t\n\n<h2>Qualche domanda? Richiedi il contatto<\/h2>\n\t\t\n<style>\n#text-913736189 {\n  font-size: 2rem;\n}\n@media (min-width:550px) {\n  #text-913736189 {\n    font-size: 1.5rem;\n  }\n}\n<\/style>\n\t<\/div>\n\t\n\n\t\t<\/div>\n\t\t\t\t\t<\/div>\n\n\t\n\n\t<div id=\"col-1527751862\" class=\"col medium-12 small-12 large-6\"  >\n\t\t\t\t<div class=\"col-inner\"  >\n\t\t\t\n\t\t\t\n\n<a href=\"\/#CF7\" target=\"_self\" class=\"button alert expand\"  style=\"padding:5px 0px 5px 0px;\">\n    <span>CONSULENZA GRATUITA ORA<\/span>\n  <\/a>\n\n\n\n\t\t<\/div>\n\t\t\t\t\n<style>\n#col-1527751862 > .col-inner {\n  padding: 0px 0px 0px 0;\n  margin: -0 0px 0px 0px;\n}\n@media (min-width:850px) {\n  #col-1527751862 > .col-inner {\n    padding: 0px 0px 0px 30px;\n    margin: -70px 0px 0px 0px;\n  }\n}\n<\/style>\n\t<\/div>\n\n\t\n\n<\/div>\n\n\t\t<\/div>\n\n\t\t\n<style>\n#section_1678428121 {\n  padding-top: 30px;\n  padding-bottom: 30px;\n  background-color: rgb(39, 54, 71);\n}\n<\/style>\n\t<\/section>\n\t\n\n","protected":false},"excerpt":{"rendered":"","protected":false},"author":1,"featured_media":0,"parent":0,"menu_order":0,"comment_status":"closed","ping_status":"closed","template":"","meta":{"footnotes":""},"class_list":["post-116","page","type-page","status-publish","hentry"],"_links":{"self":[{"href":"https:\/\/area3.group\/index.php?rest_route=\/wp\/v2\/pages\/116","targetHints":{"allow":["GET"]}}],"collection":[{"href":"https:\/\/area3.group\/index.php?rest_route=\/wp\/v2\/pages"}],"about":[{"href":"https:\/\/area3.group\/index.php?rest_route=\/wp\/v2\/types\/page"}],"author":[{"embeddable":true,"href":"https:\/\/area3.group\/index.php?rest_route=\/wp\/v2\/users\/1"}],"replies":[{"embeddable":true,"href":"https:\/\/area3.group\/index.php?rest_route=%2Fwp%2Fv2%2Fcomments&post=116"}],"version-history":[{"count":0,"href":"https:\/\/area3.group\/index.php?rest_route=\/wp\/v2\/pages\/116\/revisions"}],"wp:attachment":[{"href":"https:\/\/area3.group\/index.php?rest_route=%2Fwp%2Fv2%2Fmedia&parent=116"}],"curies":[{"name":"wp","href":"https:\/\/api.w.org\/{rel}","templated":true}]}}